 -18*t = -j*t - 544. What is the hundreds digit of t?
1
Let n = 61284 - 36159. What is the ten thousands digit of n?
2
Let q = 2196 + -878. Let v = q - 764. What is the units digit of v?
4
Suppose -92 = -2*r - 20. Suppose -t - 5 = 16. Let x = t + r. What is the tens digit of x?
1
Suppose -1434 = -8*y + 126. Suppose -5*x = y - 2570. What is the hundreds digit of x?
4
Let d(g) = 10*g - 26. Let r(s) = 30*s - 76. Let k(n) = -10*d(n) + 3*r(n). What is the units digit of k(-8)?
2
Let r = -7429 - -9214. What is the thousands digit of r?
1
Suppose -263*y = -252*y - 160974. What is the ten thousands digit of y?
1
Suppose 0 = 10*m - 13*m + 9. Suppose 7*z = m*z + 3*a + 693, 5*z + a - 890 = 0. What is the units digit of z?
7
Suppose 2*b - 11*q = -8*q - 99, -3*b - 147 = -4*q. What is the units digit of 3/b + 15632/30?
1
Suppose 48*u = 26*u + 11*u + 121847. What is the ten thousands digit of u?
1
Let k = 24 + -49. Let s = k - -27. Suppose 3*h + v = 154, 4 = 6*v - s*v. What is the units digit of h?
1
Suppose -2*p + 13*l = 18*l - 136452, 4*l = -5*p + 341096. What is the ten thousands digit of p?
6
What is the thousands digit of 60951 - ((3 - 6/3) + (-28)/4)?
0
Let q be 13 + 2 + (-21)/(-7) + -6. What is the tens digit of (q + (-3 - -5))*2?
2
Let d be (-24)/42 - (-201)/21. Let s be (-3)/(-2)*12/d. Suppose s*w - 3*c - 57 = w, 3*w = -5*c + 101. What is the units digit of w?
2
Suppose 5*h + 10 + 10 = 0, 5*v + h + 354 = 0. What is the tens digit of 2/20 + (-16443)/v?
3
Suppose 26*i - 24*i - 60 = 0. Suppose i*x - 38*x + 664 = 0. What is the tens digit of x?
8
Let d = 379 - 368. Suppose 0 = 24*l - d*l - 7514. What is the units digit of l?
8
Suppose 3*t - 884 = -5*z, t - 3 = -0. What is the tens digit of z/2 - 4*(-14)/112?
8
Suppose -72*x + 261028 = -66*x + 47434. What is the units digit of x?
9
Suppose -35*n = 42*n - 93*n + 247776. What is the units digit of n?
6
Let q = 36 - 33. Let a(m) = -11*m**3 + 4*m**2 - 3*m + 7. Let l(i) = 21*i**3 - 7*i**2 + 6*i - 13. Let j(t) = 7*a(t) + 4*l(t). What is the units digit of j(q)?
5
Let a(x) = -x**3 + 4*x**2 + 3*x - 7. Let o be a(4). Suppose 25 = -o*h, 4*h + 18 = -2*t - 2. Let p = 152 - t. What is the tens digit of p?
5
Let v be 14/133 - (-36)/19. Suppose -v*t = 3*w - 298, -5*t + 160 = w + 52. Let m = 74 + w. What is the hundreds digit of m?
1
Suppose -2*g - 3*g - 4*r - 1105 = 0, -r = -5*g - 1080. Let p = -157 - g. What is the units digit of p?
0
Suppose 4*b - 5*f + 4 = 0, 2*b - 4*f + 5 = -3. Suppose -b*q = -0*q - 692. Suppose -2*s = -q + 7. What is the tens digit of s?
8
What is the ten thousands digit of ((-4270)/(-49) + -4)*19082/87?
1
Let k(o) = -o - 13 + 15*o**3 - 6*o**2 - 10*o**3 - 6*o**3 + 0*o**3. What is the units digit of k(-9)?
9
Suppose q = -3*o - 88, 4*o - 29 = -21. Let n(d) = -d**3 + 3*d**2 + d + 8. Let i be n(7). Let y = q - i. What is the tens digit of y?
8
What is the thousands digit of ((88/12)/22)/((-3)/(-57807))?
6
Let w(b) be the first derivative of -3/2*b**2 + b**4 - 7*b + 21 + 4/3*b**3. What is the units digit of w(3)?
8
Let f(m) = -m**2 - 12*m - 25. Let z be f(-6). Suppose -z*r = -3*q - 9*r + 1564, -2*r + 2090 = 4*q. What is the hundreds digit of q?
5
Suppose -143*h + 453029 = -1993302 - 1204459. What is the thousands digit of h?
5
Let b = -185 - -268. Suppose b*z = 78*z + 95. What is the tens digit of z?
1
Suppose -2*v = -0*v - 8. Let z(f) be the second derivative of f**5/20 + f**4/3 + 3*f**3/2 - 6*f**2 + 27*f. What is the units digit of z(v)?
2
Let q = -418 + 399. What is the tens digit of (0 - 934)*(18 + q)?
3
Let c(b) = 9*b**3 + 15*b**2 - 64*b - 10. What is the hundreds digit of c(8)?
0
Suppose 3*v - v = 3*g - 29, g - 5*v - 14 = 0. Let c be g/2*(-12)/(-9). What is the tens digit of (3 - (-116)/12)*c - 1?
7
Let q(k) be the second derivative of 7/4*k**4 + 0 - 3*k**3 - 21/2*k**2 + 13*k - 1/20*k**5. What is the tens digit of q(20)?
1
Let y(v) = -3*v**3 - 12*v**2 + 8*v + 12. Suppose -5*o + 4*c = 23, 0 = -5*o - 0*c - 2*c - 41. What is the hundreds digit of y(o)?
3
What is the hundreds digit of 4064/(-6)*(-3 - 5)/(-32)*-123?
8
Suppose -19*p - 788 = -23*p. Let v = p + -90. What is the units digit of v?
7
Let j(g) = 28*g**3 + 3*g + 34*g**2 - 34*g**2 - 3. Let s be j(1). Suppose -5*i + 25 = 3*x, 3*i - s = -3*x - 7. What is the units digit of x?
5
Let k(s) = s**3 - 7*s**2 - 8*s + 5. Let f be k(8). Suppose -3*c + 10 = -4*b, 3*b - 8 = -f*c + 28. Suppose 0 = 3*m - c*m + 243. What is the tens digit of m?
8
Suppose 10*k + 21*k - 368417 + 33214 = 0. What is the units digit of k?
3
Let l = -88 + 100. Let w(a) = 2112*a**2 - 1 - 2105*a**2 - a + l*a. What is the hundreds digit of w(-6)?
1
Let a(x) = 3*x - 11. Let p be a(20). What is the tens digit of (-4415)/(-7) - ((-14)/p)/1?
3
Suppose -7*g = -10*g + 18. Suppose -12*k - g = -13*k. What is the hundreds digit of (-4)/k + (-1532)/(-12)?
1
Let u(r) = 5*r**2 + 15*r + 4. Let q(x) = -x**3 + x**2 - 1. Let j(b) = q(b) + u(b). Let w be j(-7). Suppose 0 = -4*f + w + 317. What is the tens digit of f?
1
What is the tens digit of (((-1332)/(-15))/3)/((-52616)/(-10520) + -5)?
6
Suppose 33 + 9 = h. Let b be h*(-3 - (-78)/9). Suppose b = m + 4*l, -4*m + 904 = 3*l + l. What is the hundreds digit of m?
2
Suppose -4*r = 3*o - 28837, -52*r + 54*r - 14422 = 2*o. What is the tens digit of r?
1
Let o = 64 - 86. Let z = o - -46. Let r = z - -70. What is the tens digit of r?
9
Let o(x) be the first derivative of -15*x**4/4 - x**3 + 3*x**2/2 - 8*x + 99. What is the tens digit of o(-4)?
9
Suppose 0 = -2*m - 26 + 36, 0 = 5*p - 8*m - 310510. What is the tens digit of p?
1
Let i(b) = -5 + 22*b - 4*b + 17*b. Let p be i(2). What is the tens digit of p + (-1 + -2 - 0)?
6
Let f be (36 - 30) + (-2 + 3 - 2). Suppose s = -f*j + 2525, 5*s = -2*j + 470 + 540. What is the hundreds digit of j?
5
Suppose 4 = 3*y - y. Suppose 2*h - 2*m = -3*m - 50, 5*m + 34 = -y*h. What is the units digit of 140 - (h/12 + (-1)/(-4))?
2
Let u(x) = 2619*x**2 + 194*x + 578. What is the hundreds digit of u(-3)?
5
Let k(t) = t**2 + 9*t - 17. Let d be k(-11). Suppose -2*g = -3*h + 147, -2*g - d*h = -g + 93. What is the units digit of (-8)/2 - (g - 1)?
5
Suppose -2*m + 5*b + 9465 = 0, -5*m + 7*m + 2*b = 9486. What is the tens digit of m?
4
Let b be -2 - (-3 + (-7 - -6)). Suppose 5*c = 25, 2132 - 622 = s + b*c. What is the tens digit of s?
0
What is the thousands digit of (-724568)/(-24) + 30/(-630) + 10/14?
0
Let b be (-56)/(-16)*(-200)/(-14)*17. Suppose -3*o + 5*t + 529 = 0, 5*o + 6*t - b = 8*t. What is the tens digit of o?
6
What is the hundreds digit of (-45)/(40/(-15650)*-4303 + -11)?
4
Suppose 852*d = 849*d + 5*y + 16974, 0 = 5*d - y - 28312. What is the tens digit of d?
6
Suppose 4*v - 6*w + 1052 = -2*w, -5 = 5*w. Let y be ((-15)/6 - -2)*v. Suppose 8*h - y = 6*h. What is the units digit of h?
6
Let a(v) be the second derivative of 25*v**3/6 + 19*v**2 - 17*v. What is the units digit of a(13)?
3
Let q be -2*(63/(-9) - -5). Suppose -v - 3 = -1, v = q*y - 3962. What is the tens digit of y?
9
Suppose -41*i = 31*i + 26*i - 7374990. What is the tens digit of i?
5
Let s = -96720 + 195551. What is the units digit of (-2)/16 - s/(-184)?
7
Let j be (-1)/(3 - 4) + -5. What is the units digit of -3 + (-3148)/j + 6?
0
Let k(d) = 2*d**3 - 3 - 10 + 40*d**2 + 26*d - 2 + 3. Suppose -6 - 13 = j. What is the tens digit of k(j)?
1
Suppose 5*h = 6*h - 8. Let o be -1 + h*2/4. Suppose -2*c + o*f = -86, -5*c + 3*c = 3*f - 62. What is the tens digit of c?
3
Let q(d) = 51*d + 4. Let a = 32 + -25. Let t(z) = z**2 - 7*z + 1. Let u be t(a). What is the tens digit of q(u)?
5
Suppose -957*h = -963*h + 9468. Suppose 29*c = 3*g + 26*c - h, 2 = -c. What is the tens digit of g?
2
Let z(b) = 4*b**2 - 68*b - 37. Suppose -7*i = 4*c - 5*i - 94, -5*i + 125 = 5*c. What is the tens digit of z(c)?
0
Let o(p) = -409*p**3 - 2*p**2 - p + 2. Let t(j) = 27*j - 82. Let r be t(3). What is the hundreds digit of o(r)?
4
Let j = 24385 - 21611. What is the hundreds digit of j?
7
Let v = -49553 - -71135. What is the hundreds digit of v?
5
Let d = -7 - -41. Let h = -48 - d. What is the hundreds digit of ((-60)/40)/(1/h)?
1
Suppose -4*p - 20 = -4*h, h - 5*p + 5 = 2*h. Suppose 0 = 5*q + 2*g - 473 - 1725, -h*q + 2*g + 2182 = 0. What is the units digit of q?
8
Suppose 0 = -4*r + 14*o - 16